2*r = -j*q + 789. Is q composite?
True
Suppose 3*b = 5*v + 7, -8*b + 3*b = 4*v - 24. Let r be 14*9/30 - v/5. Suppose d - r*x - 668 = -5*x, -2*d + 3*x + 1331 = 0. Is d a prime number?
False
Suppose 0 = -3*x + 3*i - 5166, 5*x - 6*i = -8*i - 8631. Let w = 4354 + x. Is w a composite number?
True
Let k(c) = 2*c + 584 + 119 + 13*c**3 - 12*c**3. Suppose 7*a + 20 = 4*q + 12*a, 5*a - 20 = 4*q. Is k(q) prime?
False
Let d be 23/(-46) - (-3394)/4. Suppose 0 = -3*g + 2668 + d. Let x = g - 491. Is x prime?
False
Is (-2)/16*-1891094 + 93/372 prime?
True
Let l(o) = 653*o**3 + 2*o - 2. Suppose 12*b = 13*b + 1. Let k be (-2 + b)*(-10)/30. Is l(k) prime?
True
Let f(l) = -102*l + 255. Let n be f(-41). Let r = n - -832. Is r composite?
True
Suppose -1899*q + 16 = -1895*q, 0 = 3*t - 5*q - 3158059. Is t composite?
False
Let j be (-1)/(14/14 - 18/15). Suppose -j*l + 4*c = -59929, l = -l - 3*c + 23990. Is l a composite number?
True
Suppose 12*i - 82*i = 35*i - 28691565. Is i a prime number?
True
Let c = 22717 - -9648. Is c prime?
False
Let i(w) = 5*w - 18. Let k be i(4). Suppose -k*l - 4 = -6*l, 0 = 2*x - 4*l - 10. Suppose -38330 = -x*f - 3*f. Is f prime?
True
Let b be 8/6*(-4389)/(-14)*2. Suppose -14*k = -18*k - b. Let x = 312 - k. Is x composite?
False
Suppose -18211 = 2*t - 3181. Is (1 - t/(-6))/(4/(-8)) composite?
False
Suppose -4194 = 16*n - 562. Let k = n - -286. Is k composite?
False
Let s be (((-65)/10)/13)/(1/(-1466)). Suppose 3634 = 3*a - 2*o - s, 5*a - 7300 = -o. Is a a prime number?
True
Suppose -4*x = v - 0*v - 231407, -5*v = 25. Is x composite?
False
Let u = -82 + 76. Let t(g) = -g**3 - 4*g**2 + 11*g + 18. Let i be t(u). Suppose 27 + i = d. Is d a composite number?
True
Is 110/(-77) - 16240897/(-329) composite?
False
Let i = 8 - 1. Suppose -8 = i*o + 20. Is (-12)/o + (-1 - -489) composite?
False
Suppose -2*y - y + 12 = 0. Suppose -6 = y*f - 7*f. Suppose -f*w + 3 = -95. Is w prime?
False
Suppose 0*k + 2*k + 8 = 0, 5*k = 7*s - 48. Is ((-7)/2)/(-3*s/18552) prime?
False
Let r(n) = -15*n**3 + 2*n**2 + 8*n + 30. Let x be r(-9). Suppose 0 = p + y - 3680, 4*y = -3*p + 6*y + x. Is p a prime number?
False
Suppose -4*y = -n + 744, 5*n + 2*y = 5*y + 3754. Let j = 1277 + -1277. Suppose j*p + 5*p - 10 = 0, 2*p = -4*f + n. Is f composite?
True
Is -7 + 128135 + 12 + -12 + -1*2 composite?
True
Suppose -5*l - 211 = -206, -4*a + 4037159 = -3*l. Is a prime?
True
Suppose 4*c = -2*n + 645908, -26*c + 5*n - 484431 = -29*c. Is c a composite number?
True
Suppose 71855565 = 82*o - 14981369. Is o a composite number?
True
Let f be ((-4 - -4)/(-2))/(-2). Let r(z) = -1. Let m(s) = -3*s - 569. Let p(h) = -m(h) + 4*r(h). Is p(f) a prime number?
False
Let w(k) = -3180*k**3 + 2*k**2 - 21*k - 51. Is w(-2) prime?
True
Suppose -63 - 57 = -24*u. Let m(p) = 117*p - 2. Is m(u) a prime number?
False
Let n(w) = 2*w + 14. Let g be n(-6). Suppose 0 = g*k + 13 - 23. Suppose 2*d = -k*z + 3*d + 6298, -3*z + d + 3780 = 0. Is z a composite number?
False
Let o be ((-94)/(-3))/((-8)/24). Let u = 40 + o. Let h = u - -103. Is h a composite number?
True
Suppose v + 78 = 4*p - 70, 3*v = 5*p - 185. Let o = 42 - p. Suppose 8619 = o*w - 9016. Is w a composite number?
False
Suppose 3*g - 10*g = -91105. Let b = g - 7848. Is b prime?
True
Let g(s) = 7*s + 51*s + 57 - 47*s + 209*s. Is g(7) composite?
False
Suppose -4*l + 6016 = 4*i - 8872, -i = -3*l + 11154. Is l a composite number?
False
Suppose 0 = 55*c - 4340298 + 1454613. Is c a composite number?
True
Let q = 313 - 311. Suppose -51573 - 51934 = -q*w - f, -w + 3*f = -51736. Is w prime?
False
Is -3*(-12)/(-288) - 313974/(-48) composite?
True
Let h = 140 - 112. Suppose -h*i + 173706 - 9094 = 0. Is i composite?
False
Let y = 2917 - 1326. Is y prime?
False
Let c(l) = -l**2 + 8*l + 23. Suppose 0 = -14*k + 7*k + 56. Let m be c(k). Suppose m*o = 21*o + 438. Is o a prime number?
False
Let z(r) = r**3 - 9*r**2 - 4*r + 36. Let p be z(9). Suppose f - 2988 = -p*f + 5*y, -5 = 5*y. Is f composite?
True
Suppose 2*t = -6, 0 = -6*h + 3*h - 5*t - 27. Let s(k) = -2*k**2 - 7*k + 8. Let o be s(h). Suppose -o*b + 3*b - 895 = -5*j, 5*b = 0. Is j a composite number?
False
Suppose -5*h = 929 - 8799. Suppose 3*d - 4105 - h = 0. Suppose -5*u = -8*u + d. Is u composite?
False
Suppose 17*o = 21*o - 7196. Suppose 6*f - o = 3*f - 5*b, -2384 = -4*f - 3*b. Is f a composite number?
False
Suppose 0 = -722*t + 700*t + 81554. Is t composite?
True
Let l(w) be the second derivative of -w**5/20 + 11*w**4/12 + 2*w**3 + 3*w**2/2 - 9*w. Let d be l(12). Is (-4)/d*1602/(-12) prime?
False
Let i(q) = -16*q - 53. Let r be i(-6). Let m(v) = -9*v**3 + v**2 + v + 1. Let n be m(-1). Suppose -j + r = n. Is j prime?
False
Let h(q) = -3*q - 6*q + 11*q - 12. Let n be h(6). Suppose -k + n*k + 587 = 0. Is k composite?
False
Suppose -3*n - 5*o = -24, 3*n - 12 = 5*o + 12. Let s(d) = -298*d**2 - 20*d + 25. Let x(j) = 199*j**2 + 13*j - 17. Let k(l) = n*x(l) + 5*s(l). Is k(3) prime?
True
Let y(o) = 64*o**2 - 19*o - 1. Let b be y(1). Suppose -3777 = -47*j + b*j. Is j a composite number?
False
Suppose 0 = 3*h + 5*g - 2772 + 258, 0 = -3*g. Suppose -7*x + 17019 = -h. Is x a composite number?
False
Suppose -4*u = 12, 32*u - 55 = 4*g + 37*u. Is (-9126)/g - (5 + 135/(-25)) composite?
True
Suppose 0 = z - b - 164540, 4*b - 262 = -242. Is z a composite number?
True
Suppose -2*b = 4*t - 118628, -3*b - b = -16. Let j = t - 16726. Is j prime?
False
Let p = 188356 + -126083. Is p prime?
True
Suppose 1692548 - 370448 = 9*q. Suppose -29358 = 21*z - 22*z - 5*h, -q = -5*z - 3*h. Is z prime?
True
Suppose -5*y + 51 = 5*v - 3*y, -5*v - y + 53 = 0. Suppose v*a = 4857 + 10070. Is a a composite number?
True
Suppose 68*o - 305*o + 54591993 = -325939710. Is o prime?
True
Is (-9 + 155113/14)/(7/14) a composite number?
True
Let q(n) = 24885*n**3 - 7*n**2 - 100*n + 481. Is q(6) a composite number?
True
Let s(n) = -1497*n - 24. Let c be s(-4). Let m = c + 2389. Is m a composite number?
False
Let g = -66 + 70. Let h(a) = a. Let m be h(g). Suppose 4*p + m*w = 1088, 3*w = -8*p + 3*p + 1350. Is p a composite number?
True
Let y be 13 + (-4 + 6)*-1. Suppose -5*d - 14 = y, -2*d = 2*j + 8. Is 1/(-3*j/(-897)) prime?
False
Suppose -2*u - f - 1344 = 0, 7*u + 3382 = 2*u + 3*f. Is 3/(2016/u - -3) prime?
True
Let s be 3*(5 - 8 - (-1 + -1)). Let w be ((-202)/(-3) - s/(-9))*5. Suppose 1394 = 3*l + w. Is l a composite number?
False
Let j(z) = 340*z + 1. Let g = -171 + 193. Is j(g) prime?
True
Let v be 1*8/(-6)*162/36. Let i be (324/10)/9 + v/10. Suppose -b = 2*j - 3321, -b - i = 2. Is j prime?
True
Let l be 10/(-2 + 5/(-15) - -3). Is 8/(-20) + 596691/l a prime number?
True
Let q(t) = -t - 43. Let z be q(-46). Suppose 4*s - 37331 = -z*b, 3*b + 4*s - 62229 = -2*b. Is b a prime number?
False
Let s(k) = -k**2 - k. Let c be s(-1). Suppose 5*w - 75 - 120 = c. Is w - (0 + 6/3) composite?
False
Suppose 5*p - 10 = -g, 5 = 4*p + 5*g - 3. Suppose 0*i + p*i = -4*i. Suppose -4*d - 4*d + 1448 = i. Is d prime?
True
Let h = 135614 + -4591. Is h prime?
True
Suppose 17160582 = 112*d - 10*d. Is d a prime number?
False
Is (22 - 9) + (-48058)/(-1) prime?
False
Let c = -47731 + 84121. Let y = c + -3295. Is y composite?
True
Suppose 5*d + 4 = 3*n + d, 0 = -2*n + 3*d + 3. Suppose -2*j = -n + 4. Is j/3*29220/(-40) a composite number?
False
Let k(d) be the second derivative of d**4/3 + 8*d**3/3 + 5*d**2/2 - 11*d. Let v = -71 + 54. Is k(v) a composite number?
True
Let x(g) = -19*g - 1. Let w be x(-2). Let r = w + -34. Suppose r*o + 109 - 970 = 0. Is o composite?
True
Suppose 177*d = 305*d - 7969408. Is d a prime number?
False
Let n(u) = -u**3 + 48*u**2 - 83*u - 20. Let o be n(46). Suppose l = -o + 913. Is l composite?
True
Suppose -516*d + 264792 = -507*d - 706947. Is d prime?
True
Is (3075 - -2) + (-3 - (2 + -1)) a composite number?
True
Is 7 + -7 + 2 + 26187 a composite number?
False
Suppose -65*u - 11*u + 48020513 = -8630571. Is u a prime number?
False
Suppose -2*p - 36332 = -4*g, 4*g + 4*p + 9774 - 46094 = 0. Suppose 7*i + g = 9*i. Is i prime?
False
Let i = -685355 + 1054884. Is i a composite number?
True
Let g(f) = -9*f - 17. Let p be g(-5). Let h = p - 23. Is (-3)/(((-15)/121)/h) prime?
False
Suppose -33*l + 16516418 = -18*l + 19*l. Is l composite?
False
Let u(k) = -1593*k + 32. Suppo